{"id":469,"date":"2019-02-02T19:55:28","date_gmt":"2019-02-02T19:55:28","guid":{"rendered":"http:\/\/indira-kosmetik.de\/?page_id=469"},"modified":"2022-09-20T13:49:22","modified_gmt":"2022-09-20T13:49:22","slug":"micro-needling","status":"publish","type":"page","link":"https:\/\/indira-kosmetik.de\/?page_id=469","title":{"rendered":"Micro-Needling"},"content":{"rendered":"\t\t<div data-elementor-type=\"wp-post\" data-elementor-id=\"469\" class=\"elementor elementor-469\">\n\t\t\t\t\t\t<section class=\"elementor-section elementor-top-section elementor-element elementor-element-5b76580 elementor-section-boxed elementor-section-height-default elementor-section-height-default\" data-id=\"5b76580\" data-element_type=\"section\">\n\t\t\t\t\t\t<div class=\"elementor-container elementor-column-gap-default\">\n\t\t\t\t\t<div class=\"elementor-column elementor-col-100 elementor-top-column elementor-element elementor-element-4e8fe67\" data-id=\"4e8fe67\" data-element_type=\"column\">\n\t\t\t<div class=\"elementor-widget-wrap\">\n\t\t\t\t\t\t\t<\/div>\n\t\t<\/div>\n\t\t\t\t\t<\/div>\n\t\t<\/section>\n\t\t\t\t<section class=\"elementor-section elementor-top-section elementor-element elementor-element-a8f6ddd elementor-section-boxed elementor-section-height-default elementor-section-height-default\" data-id=\"a8f6ddd\" data-element_type=\"section\">\n\t\t\t\t\t\t<div class=\"elementor-container elementor-column-gap-default\">\n\t\t\t\t\t<div class=\"elementor-column elementor-col-100 elementor-top-column elementor-element elementor-element-312c740\" data-id=\"312c740\" data-element_type=\"column\">\n\t\t\t<div class=\"elementor-widget-wrap elementor-element-populated\">\n\t\t\t\t\t\t<div class=\"elementor-element elementor-element-07852b3 elementor-widget elementor-widget-text-editor\" data-id=\"07852b3\" data-element_type=\"widget\" data-widget_type=\"text-editor.default\">\n\t\t\t\t<div class=\"elementor-widget-container\">\n\t\t\t\t\t\t\t<p style=\"text-align: left;\"><img fetchpriority=\"high\" decoding=\"async\" class=\"alignright wp-image-482\" src=\"http:\/\/indira-kosmetik.de\/wp-content\/uploads\/2019\/03\/Anw_Ultraschall_Gesicht-300x200.jpg\" alt=\"\" width=\"400\" height=\"267\" srcset=\"https:\/\/indira-kosmetik.de\/wp-content\/uploads\/2019\/03\/Anw_Ultraschall_Gesicht-300x200.jpg 300w, https:\/\/indira-kosmetik.de\/wp-content\/uploads\/2019\/03\/Anw_Ultraschall_Gesicht-768x512.jpg 768w, https:\/\/indira-kosmetik.de\/wp-content\/uploads\/2019\/03\/Anw_Ultraschall_Gesicht-1024x683.jpg 1024w\" sizes=\"(max-width: 400px) 100vw, 400px\" \/>Micro-Needling: Das Anti &#8211; Aging Wunder!<br \/>Mit winzigen Nadelspitzen zu bl\u00fctenzarter Haut.<\/p><p style=\"text-align: left;\">Das ist das Richtige f\u00fcr dich, wenn du Haut so jung wie der Fr\u00fchling m\u00f6chtest oder mit Hautproblemen haderst. Im Kampf gegen Falten, Sonnengesch\u00e4digte Haut, Raucherhaut oder Narben ein guter Begleiter.<\/p><p style=\"text-align: left;\">&#8220;Autsch&#8221;, denkt man da vielleicht im ersten Moment &#8211; Nadeln? Aber ich verspreche dir: f\u00fcr uns Frauen, kein Problem denn das Ergebnis kann sich sehen lassen. Mikroskopisch kleine Nadelspitzen werden \u00fcber deine \u00e4u\u00dferste Hautschicht gef\u00fchrt und hinterlassen dabei mikrofeine L\u00f6cher &#8211; wie ein Stempel. Das ist ganz sanft. Aber wozu?<\/p><p style=\"text-align: left;\"><img decoding=\"async\" class=\"alignnone wp-image-484\" src=\"http:\/\/indira-kosmetik.de\/wp-content\/uploads\/2019\/03\/MESO_Epidermis.jpg\" alt=\"\" width=\"203\" height=\"115\" srcset=\"https:\/\/indira-kosmetik.de\/wp-content\/uploads\/2019\/03\/MESO_Epidermis.jpg 1280w, https:\/\/indira-kosmetik.de\/wp-content\/uploads\/2019\/03\/MESO_Epidermis-300x169.jpg 300w, https:\/\/indira-kosmetik.de\/wp-content\/uploads\/2019\/03\/MESO_Epidermis-768x432.jpg 768w, https:\/\/indira-kosmetik.de\/wp-content\/uploads\/2019\/03\/MESO_Epidermis-1024x576.jpg 1024w\" sizes=\"(max-width: 203px) 100vw, 203px\" \/><br \/>&#8220;Alarm&#8221; denkt sich die Haut &#8220;wir werden verletzt&#8221; und das ist dann der Moment f\u00fcr uns, denn deine Haut reagiert prompt: Sie sch\u00fcttet verschiedene Botenstoffe und Wachstumsfaktoren aus, um die Wundheilung anzuregen und dabei wird noch mehr Kollagen, Elastin und Hyalorons\u00e4ure produziert. Und damit alles, was wir f\u00fcr eine straffe, elastische Haut brauchen. Die Durchblutung macht einen riesigen Satz, die Hautzellen erneuern sich und die Haut beginnt, sich von innen heraus zu erneuern.\u00a0<br \/><span style=\"font-size: 16px;\">Quasi ein kleiner Trick &#8211; mit gro\u00dfer Wirkung.\u00a0<\/span><\/p><p style=\"text-align: left;\"><span style=\"font-size: 16px;\">Ganz nebenbei nimmt deine Haut so die eingeschleusten Pflegeprodukte besser auf\u00a0<\/span><span style=\"font-size: 16px;\">und wir versorgen sie mit allem, was sie braucht. <\/span>Das ist n\u00e4mlich meist nicht so\u00a0einfach, da die oberste Hautschicht die Aufnahme der Wirkstoffe blockiert. Dazu hat\u00a0sie jetzt keine Chance.<\/p><p><img decoding=\"async\" class=\"wp-image-483 size-medium aligncenter\" src=\"http:\/\/indira-kosmetik.de\/wp-content\/uploads\/2019\/03\/MESO_Anwendung_Makro-300x200.jpg\" alt=\"\" width=\"300\" height=\"200\" srcset=\"https:\/\/indira-kosmetik.de\/wp-content\/uploads\/2019\/03\/MESO_Anwendung_Makro-300x200.jpg 300w, https:\/\/indira-kosmetik.de\/wp-content\/uploads\/2019\/03\/MESO_Anwendung_Makro-768x512.jpg 768w, https:\/\/indira-kosmetik.de\/wp-content\/uploads\/2019\/03\/MESO_Anwendung_Makro-1024x683.jpg 1024w\" sizes=\"(max-width: 300px) 100vw, 300px\" \/><\/p><p style=\"text-align: left;\"><span style=\"font-size: 16px;\">Was du wissen solltest: Nach dem Termin braucht deine Haut Zeit und Ruhe, bis sie sich wieder entspannt. Daher wirst du direkt im Anschluss an die Behandlung kein Ergebnis sehen, deine Haut ist erst einmal rot und sauer &#8211; wegen der Irritation. Optimal ruht sich die Haut \u00fcber Nacht aus und mit etwas Geduld blickst du dann auf straffe, junge Haut &#8211; optimal versorgt und frisch.\u00a0<\/span><br \/>Um ein optimales Ergebnis zu erzielen, ist eine Kur von etwa 4 \u2013 5 Behandlungen sinnvoll. Diese sollten in einem Abstand von maximal 14 Tagen erfolgen.<br \/>Dazwischen geben wir deiner Haut mindestens 1 Woche Zeit sich auszuruhen.<br \/>Pro Jahr sollten aber maximal 3 Kuren angewendet werden um die Eigenregeneration der Haut anzukurbeln.<br \/>Ob Micro-Needling das Richtige f\u00fcr dich ist und welche Kur f\u00fcr dich passt, sehen wir bei deinem Beratungstermin und einer leckeren Tasse Tee.<\/p>\t\t\t\t\t\t<\/div>\n\t\t\t\t<\/div>\n\t\t\t\t\t<\/div>\n\t\t<\/div>\n\t\t\t\t\t<\/div>\n\t\t<\/section>\n\t\t\t\t<section class=\"elementor-section elementor-top-section elementor-element elementor-element-dd12dd9 elementor-section-boxed elementor-section-height-default elementor-section-height-default\" data-id=\"dd12dd9\" data-element_type=\"section\">\n\t\t\t\t\t\t<div class=\"elementor-container elementor-column-gap-default\">\n\t\t\t\t\t<div class=\"elementor-column elementor-col-100 elementor-top-column elementor-element elementor-element-91d86a9\" data-id=\"91d86a9\" data-element_type=\"column\">\n\t\t\t<div class=\"elementor-widget-wrap elementor-element-populated\">\n\t\t\t\t\t\t<div class=\"elementor-element elementor-element-53a5723 elementor-widget elementor-widget-video\" data-id=\"53a5723\" data-element_type=\"widget\" data-settings=\"{&quot;video_type&quot;:&quot;hosted&quot;,&quot;controls&quot;:&quot;yes&quot;}\" data-widget_type=\"video.default\">\n\t\t\t\t<div class=\"elementor-widget-container\">\n\t\t\t\t\t<div class=\"e-hosted-video elementor-wrapper elementor-open-inline\">\n\t\t\t\t\t<video class=\"elementor-video\" src=\"http:\/\/indira-kosmetik.de\/wp-content\/uploads\/2020\/08\/20170321-IONTO-Ultraschall_aktuelles-LOGO-4mbit_x264.mp4\" controls=\"\" preload=\"metadata\" controlsList=\"nodownload\" poster=\"http:\/\/indira-kosmetik.de\/wp-content\/uploads\/2020\/08\/Bild-Youtube-Micro-Needle.png\"><\/video>\n\t\t\t\t<\/div>\n\t\t\t\t<\/div>\n\t\t\t\t<\/div>\n\t\t\t\t\t<\/div>\n\t\t<\/div>\n\t\t\t\t\t<\/div>\n\t\t<\/section>\n\t\t\t\t<\/div>\n\t\t","protected":false},"excerpt":{"rendered":"<p>Micro-Needling: Das Anti &#8211; Aging Wunder!Mit winzigen Nadelspitzen zu bl\u00fctenzarter Haut. Das ist das Richtige f\u00fcr dich, wenn du Haut so jung wie der Fr\u00fchling m\u00f6chtest oder mit Hautproblemen haderst. Im Kampf gegen Falten, Sonnengesch\u00e4digte Haut, Raucherhaut oder Narben ein guter Begleiter. &#8220;Autsch&#8221;, denkt man da vielleicht im ersten Moment &#8211; Nadeln? Aber ich verspreche [&hellip;]<\/p>\n","protected":false},"author":1,"featured_media":0,"parent":0,"menu_order":0,"comment_status":"closed","ping_status":"closed","template":"","meta":{"footnotes":""},"class_list":["post-469","page","type-page","status-publish","hentry"],"_links":{"self":[{"href":"https:\/\/indira-kosmetik.de\/index.php?rest_route=\/wp\/v2\/pages\/469","targetHints":{"allow":["GET"]}}],"collection":[{"href":"https:\/\/indira-kosmetik.de\/index.php?rest_route=\/wp\/v2\/pages"}],"about":[{"href":"https:\/\/indira-kosmetik.de\/index.php?rest_route=\/wp\/v2\/types\/page"}],"author":[{"embeddable":true,"href":"https:\/\/indira-kosmetik.de\/index.php?rest_route=\/wp\/v2\/users\/1"}],"replies":[{"embeddable":true,"href":"https:\/\/indira-kosmetik.de\/index.php?rest_route=%2Fwp%2Fv2%2Fcomments&post=469"}],"version-history":[{"count":21,"href":"https:\/\/indira-kosmetik.de\/index.php?rest_route=\/wp\/v2\/pages\/469\/revisions"}],"predecessor-version":[{"id":869,"href":"https:\/\/indira-kosmetik.de\/index.php?rest_route=\/wp\/v2\/pages\/469\/revisions\/869"}],"wp:attachment":[{"href":"https:\/\/indira-kosmetik.de\/index.php?rest_route=%2Fwp%2Fv2%2Fmedia&parent=469"}],"curies":[{"name":"wp","href":"https:\/\/api.w.org\/{rel}","templated":true}]}}